{"id":26,"date":"2019-01-25T15:15:08","date_gmt":"2019-01-25T14:15:08","guid":{"rendered":"http:\/\/erzgebir.cyon.link\/wordpress\/?page_id=26"},"modified":"2026-01-26T11:37:31","modified_gmt":"2026-01-26T10:37:31","slug":"oeffnungszeiten","status":"publish","type":"page","link":"https:\/\/erzgebirge.ch\/wordpress\/?page_id=26","title":{"rendered":"\u00d6FFNUNGSZEITEN 2026"},"content":{"rendered":"<div class=\"wp-block-image\">\n<figure class=\"aligncenter size-large is-resized\"><img loading=\"lazy\" decoding=\"async\" width=\"1024\" height=\"959\" src=\"https:\/\/erzgebirge.ch\/wordpress\/wp-content\/uploads\/2021\/07\/IMG_0877-Kopie-1024x959.jpg\" alt=\"\" class=\"wp-image-8901\" style=\"width:468px;height:437px\" srcset=\"https:\/\/erzgebirge.ch\/wordpress\/wp-content\/uploads\/2021\/07\/IMG_0877-Kopie-1024x959.jpg 1024w, https:\/\/erzgebirge.ch\/wordpress\/wp-content\/uploads\/2021\/07\/IMG_0877-Kopie-600x562.jpg 600w, https:\/\/erzgebirge.ch\/wordpress\/wp-content\/uploads\/2021\/07\/IMG_0877-Kopie-300x281.jpg 300w, https:\/\/erzgebirge.ch\/wordpress\/wp-content\/uploads\/2021\/07\/IMG_0877-Kopie-768x719.jpg 768w, https:\/\/erzgebirge.ch\/wordpress\/wp-content\/uploads\/2021\/07\/IMG_0877-Kopie-1536x1439.jpg 1536w, https:\/\/erzgebirge.ch\/wordpress\/wp-content\/uploads\/2021\/07\/IMG_0877-Kopie-2048x1918.jpg 2048w\" sizes=\"auto, (max-width: 1024px) 100vw, 1024px\" \/><\/figure>\n<\/div>\n\n\n<h2 class=\"wp-block-heading\"><\/h2>\n\n\n\n<p class=\"has-very-light-gray-background-color has-background\"><\/p>\n\n\n\n<div class=\"wp-block-columns is-layout-flex wp-container-core-columns-is-layout-9d6595d7 wp-block-columns-is-layout-flex\">\n<div class=\"wp-block-column has-black-color has-text-color has-link-color wp-elements-f007e0e987cfd9c209bade4c670a5baa is-layout-flow wp-block-column-is-layout-flow\" style=\"flex-basis:100%\">\n<figure class=\"wp-block-table aligncenter is-style-stripes has-medium-font-size\"><table class=\"has-black-color has-text-color has-background has-link-color has-fixed-layout\" style=\"background-color:#eaed11\"><thead><tr><th class=\"has-text-align-center\" data-align=\"center\">\u00d6ffnungszeiten des Gesch\u00e4fts 2026<\/th><\/tr><\/thead><tbody><tr><td class=\"has-text-align-center\" data-align=\"center\">16. Februar bis 21. Februar<\/td><\/tr><tr><td class=\"has-text-align-center\" data-align=\"center\"><strong><mark style=\"background-color:#f90404\" class=\"has-inline-color\">Die Hasen sind los<\/mark><\/strong><br>23. M\u00e4rz bis 28. M\u00e4rz<br>30. M\u00e4rz bis 2. April<\/td><\/tr><tr><td class=\"has-text-align-center\" data-align=\"center\">8. Juni bis 13. Juni<\/td><\/tr><tr><td class=\"has-text-align-center\" data-align=\"center\">17. August bis 22. August  <\/td><\/tr><tr><td class=\"has-text-align-center\" data-align=\"center\">7. September bis  12. September<\/td><\/tr><tr><td class=\"has-text-align-center\" data-align=\"center\">Vernissage 1. November<br>2. November bis 7. November<\/td><\/tr><tr><td class=\"has-text-align-center\" data-align=\"center\">17. November bis 24.Dezember<\/td><\/tr><tr><td class=\"has-text-align-center\" data-align=\"center\"><mark><em><strong><mark style=\"background-color:rgba(0, 0, 0, 0)\" class=\"has-inline-color has-vivid-red-color\">Allgemeine \u00d6ffnungszeiten in diesen Wochen:<\/mark><\/strong><\/em><\/mark><br><em><strong>Werktags 09.<sup>00<\/sup> Uhr bis 12.<sup>00<\/sup> Uhr und 14.<sup>00<\/sup> Uhr bis 18.<sup>00<\/sup> Uhr<br>Samstags 09.<sup>00<\/sup> Uhr bis 12.<sup>00<\/sup> Uhr und 14.<sup>00<\/sup> Uhr bis 16.<sup>00<\/sup> Uhr<\/strong><\/em><\/td><\/tr><tr><td class=\"has-text-align-center\" data-align=\"center\"><mark><strong><mark style=\"background-color:#cf2e2e\" class=\"has-inline-color\">Gerne \u00f6ffnen wir f\u00fcr Sie auf Anfrage auch<\/mark><\/strong><\/mark><br><mark><strong><mark style=\"background-color:#cf2e2e\" class=\"has-inline-color\"> ausserhalb dieser \u00d6ffnungszeiten<\/mark><\/strong><\/mark><mark style=\"background-color:#cf2e2e\" class=\"has-inline-color has-vivid-red-color\">.<\/mark><br><br>Telefon 061 281 23 90 oder Natel 079 708 94 00<br>oder Email: <strong>info@erzgebirge.ch<\/strong><\/td><\/tr><\/tbody><\/table><\/figure>\n<\/div>\n<\/div>\n\n\n\n<div class=\"wp-block-media-text alignwide is-stacked-on-mobile\"><figure class=\"wp-block-media-text__media\"><img loading=\"lazy\" decoding=\"async\" width=\"800\" height=\"450\" src=\"https:\/\/erzgebirge.ch\/wordpress\/wp-content\/uploads\/2019\/03\/rrpaul.jpg\" alt=\"\" class=\"wp-image-80 size-full\" srcset=\"https:\/\/erzgebirge.ch\/wordpress\/wp-content\/uploads\/2019\/03\/rrpaul.jpg 800w, https:\/\/erzgebirge.ch\/wordpress\/wp-content\/uploads\/2019\/03\/rrpaul-150x84.jpg 150w, https:\/\/erzgebirge.ch\/wordpress\/wp-content\/uploads\/2019\/03\/rrpaul-300x169.jpg 300w, https:\/\/erzgebirge.ch\/wordpress\/wp-content\/uploads\/2019\/03\/rrpaul-768x432.jpg 768w, https:\/\/erzgebirge.ch\/wordpress\/wp-content\/uploads\/2019\/03\/rrpaul-508x286.jpg 508w\" sizes=\"auto, (max-width: 800px) 100vw, 800px\" \/><\/figure><div class=\"wp-block-media-text__content\">\n<div class=\"wp-block-group\"><div class=\"wp-block-group__inner-container is-layout-flow wp-block-group-is-layout-flow\">\n<p class=\"has-very-light-gray-background-color has-background\"><strong>Nach 22 Jahren konnten wir ab dem Jahr 2018 leider aus Alters- und Gesundheitsgr\u00fcnden der Mitarbeiter nicht mehr daran teilnehmen.<\/strong><\/p>\n<\/div><\/div>\n<\/div><\/div>\n\n\n\n<h2 class=\"wp-block-heading\">2018 Aadie Wiehnachtsm\u00e4rt&#8230;<\/h2>\n\n\n\n<p><strong>Um unseren Kunden die Weihnachtseink\u00e4ufe zu erm\u00f6glichen \u00f6ffnen wir unser Gesch\u00e4ft an der Bachlettenstrasse 16 w\u00e4hrend der ganzen Zeit des Basler Weihnachtmarktes. <br>Aadie Wiehnachtsm\u00e4rt&#8230;<\/strong><\/p>\n\n\n\n<p><\/p>\n","protected":false},"excerpt":{"rendered":"<p>\u00d6ffnungszeiten des Gesch\u00e4fts 2026 16. Februar bis 21. Februar Die Hasen sind los23. M\u00e4rz bis 28. M\u00e4rz30. M\u00e4rz bis 2. April 8. Juni bis 13. Juni 17. August bis 22. August 7. September bis 12. September Vernissage 1. November2. November bis 7. November 17. November bis 24.Dezember Allgemeine \u00d6ffnungszeiten in diesen Wochen:Werktags 09.00 Uhr bis [&hellip;]<\/p>\n","protected":false},"author":2,"featured_media":0,"parent":0,"menu_order":0,"comment_status":"closed","ping_status":"closed","template":"","meta":{"footnotes":"[]"},"class_list":["post-26","page","type-page","status-publish","hentry"],"_links":{"self":[{"href":"https:\/\/erzgebirge.ch\/wordpress\/index.php?rest_route=\/wp\/v2\/pages\/26","targetHints":{"allow":["GET"]}}],"collection":[{"href":"https:\/\/erzgebirge.ch\/wordpress\/index.php?rest_route=\/wp\/v2\/pages"}],"about":[{"href":"https:\/\/erzgebirge.ch\/wordpress\/index.php?rest_route=\/wp\/v2\/types\/page"}],"author":[{"embeddable":true,"href":"https:\/\/erzgebirge.ch\/wordpress\/index.php?rest_route=\/wp\/v2\/users\/2"}],"replies":[{"embeddable":true,"href":"https:\/\/erzgebirge.ch\/wordpress\/index.php?rest_route=%2Fwp%2Fv2%2Fcomments&post=26"}],"version-history":[{"count":31,"href":"https:\/\/erzgebirge.ch\/wordpress\/index.php?rest_route=\/wp\/v2\/pages\/26\/revisions"}],"predecessor-version":[{"id":18733,"href":"https:\/\/erzgebirge.ch\/wordpress\/index.php?rest_route=\/wp\/v2\/pages\/26\/revisions\/18733"}],"wp:attachment":[{"href":"https:\/\/erzgebirge.ch\/wordpress\/index.php?rest_route=%2Fwp%2Fv2%2Fmedia&parent=26"}],"curies":[{"name":"wp","href":"https:\/\/api.w.org\/{rel}","templated":true}]}}