{"id":11068,"date":"2022-09-20T14:53:48","date_gmt":"2022-09-20T13:53:48","guid":{"rendered":"https:\/\/erzgebirge.ch\/wordpress\/?page_id=11068"},"modified":"2026-03-11T16:35:30","modified_gmt":"2026-03-11T15:35:30","slug":"sammler-briefe","status":"publish","type":"page","link":"https:\/\/erzgebirge.ch\/wordpress\/?page_id=11068","title":{"rendered":"Sammler Briefe"},"content":{"rendered":"\n<p class=\"has-x-large-font-size\">Fr\u00fchjahr 2026<\/p>\n\n\n\n<div data-wp-interactive=\"core\/file\" class=\"wp-block-file\"><object data-wp-bind--hidden=\"!state.hasPdfPreview\" hidden class=\"wp-block-file__embed\" data=\"https:\/\/erzgebirge.ch\/wordpress\/wp-content\/uploads\/2026\/03\/Vernissage-2026-F-1.pdf\" type=\"application\/pdf\" style=\"width:100%;height:600px\" aria-label=\"Einbettung von Vernissage 2026-F.\"><\/object><a id=\"wp-block-file--media-aa1fdcf9-b86c-407f-87b0-7a2aefdf282e\" href=\"https:\/\/erzgebirge.ch\/wordpress\/wp-content\/uploads\/2026\/03\/Vernissage-2026-F-1.pdf\">Vernissage 2026-F<\/a><a href=\"https:\/\/erzgebirge.ch\/wordpress\/wp-content\/uploads\/2026\/03\/Vernissage-2026-F-1.pdf\" class=\"wp-block-file__button wp-element-button\" download aria-describedby=\"wp-block-file--media-aa1fdcf9-b86c-407f-87b0-7a2aefdf282e\">Herunterladen<\/a><\/div>\n\n\n\n<p class=\"has-x-large-font-size\">Herbst 2025<\/p>\n\n\n\n<div data-wp-interactive=\"core\/file\" class=\"wp-block-file\"><object data-wp-bind--hidden=\"!state.hasPdfPreview\" hidden class=\"wp-block-file__embed\" data=\"https:\/\/erzgebirge.ch\/wordpress\/wp-content\/uploads\/2025\/09\/Vernissage-2025-Herbst.pdf\" type=\"application\/pdf\" style=\"width:100%;height:600px\" aria-label=\"Einbettung von Vernissage 2025-Herbst.\"><\/object><a id=\"wp-block-file--media-d513af0f-6a7c-4ea8-9bf2-3f847c86263b\" href=\"https:\/\/erzgebirge.ch\/wordpress\/wp-content\/uploads\/2025\/09\/Vernissage-2025-Herbst.pdf\">Vernissage 2025-Herbst<\/a><a href=\"https:\/\/erzgebirge.ch\/wordpress\/wp-content\/uploads\/2025\/09\/Vernissage-2025-Herbst.pdf\" class=\"wp-block-file__button wp-element-button\" download aria-describedby=\"wp-block-file--media-d513af0f-6a7c-4ea8-9bf2-3f847c86263b\">Herunterladen<\/a><\/div>\n\n\n\n<p class=\"has-x-large-font-size\">Fr\u00fchjahr 2025<\/p>\n\n\n\n<div data-wp-interactive=\"core\/file\" class=\"wp-block-file\"><object data-wp-bind--hidden=\"!state.hasPdfPreview\" hidden class=\"wp-block-file__embed\" data=\"https:\/\/erzgebirge.ch\/wordpress\/wp-content\/uploads\/2025\/04\/Vernissage-2025-F-.pdf\" type=\"application\/pdf\" style=\"width:100%;height:600px\" aria-label=\"Einbettung von Vernissage 2025 -F.\"><\/object><a id=\"wp-block-file--media-e6e8b271-5225-41e7-a632-1b11d5c5ce04\" href=\"https:\/\/erzgebirge.ch\/wordpress\/wp-content\/uploads\/2025\/04\/Vernissage-2025-F-.pdf\">Vernissage 2025 -F<\/a><a href=\"https:\/\/erzgebirge.ch\/wordpress\/wp-content\/uploads\/2025\/04\/Vernissage-2025-F-.pdf\" class=\"wp-block-file__button wp-element-button\" download aria-describedby=\"wp-block-file--media-e6e8b271-5225-41e7-a632-1b11d5c5ce04\">Herunterladen<\/a><\/div>\n\n\n\n<p class=\"has-black-color has-text-color has-link-color has-x-large-font-size wp-elements-b57b1ee9ec22328afd58139136b8f9b8\">Herbst 2024<\/p>\n\n\n\n<div data-wp-interactive=\"core\/file\" class=\"wp-block-file\"><object data-wp-bind--hidden=\"!state.hasPdfPreview\" hidden class=\"wp-block-file__embed\" data=\"https:\/\/erzgebirge.ch\/wordpress\/wp-content\/uploads\/2024\/09\/Vernissage-2024-H-.pdf\" type=\"application\/pdf\" style=\"width:100%;height:600px\" aria-label=\"Einbettung von Vernissage 2024 -H.\"><\/object><a id=\"wp-block-file--media-0aa8ea81-8910-4bbd-9298-c25e8e3dee0e\" href=\"https:\/\/erzgebirge.ch\/wordpress\/wp-content\/uploads\/2024\/09\/Vernissage-2024-H-.pdf\">Vernissage 2024 -H<\/a><a href=\"https:\/\/erzgebirge.ch\/wordpress\/wp-content\/uploads\/2024\/09\/Vernissage-2024-H-.pdf\" class=\"wp-block-file__button wp-element-button\" download aria-describedby=\"wp-block-file--media-0aa8ea81-8910-4bbd-9298-c25e8e3dee0e\">Herunterladen<\/a><\/div>\n\n\n\n<div data-wp-interactive=\"core\/file\" class=\"wp-block-file\"><object data-wp-bind--hidden=\"!state.hasPdfPreview\" hidden class=\"wp-block-file__embed\" data=\"https:\/\/erzgebirge.ch\/wordpress\/wp-content\/uploads\/2025\/04\/Vernissage-2025-F-.pdf\" type=\"application\/pdf\" style=\"width:100%;height:600px\" aria-label=\"Einbettung von Vernissage 2025 -F.\"><\/object><a id=\"wp-block-file--media-a0fac4a7-f0b0-4eaf-a84d-d2bc03bbc87a\" href=\"https:\/\/erzgebirge.ch\/wordpress\/wp-content\/uploads\/2025\/04\/Vernissage-2025-F-.pdf\">Vernissage 2025 -F<\/a><a href=\"https:\/\/erzgebirge.ch\/wordpress\/wp-content\/uploads\/2025\/04\/Vernissage-2025-F-.pdf\" class=\"wp-block-file__button wp-element-button\" download aria-describedby=\"wp-block-file--media-a0fac4a7-f0b0-4eaf-a84d-d2bc03bbc87a\">Herunterladen<\/a><\/div>\n\n\n\n<p class=\"has-black-color has-text-color has-link-color has-x-large-font-size wp-elements-6241b5f4dfe4930c862e2bb59ea86f2b\"><br>Fr\u00fchjahr  2024<\/p>\n\n\n\n<div data-wp-interactive=\"core\/file\" class=\"wp-block-file\"><object data-wp-bind--hidden=\"!state.hasPdfPreview\" hidden class=\"wp-block-file__embed\" data=\"https:\/\/erzgebirge.ch\/wordpress\/wp-content\/uploads\/2024\/03\/Vernissage-2024-F-.pdf\" type=\"application\/pdf\" style=\"width:100%;height:600px\" aria-label=\"Einbettung von Vernissage-2024-F-.\"><\/object><a id=\"wp-block-file--media-a25b8345-26a0-414f-a1a2-e96ccf9a4da2\" href=\"https:\/\/erzgebirge.ch\/wordpress\/wp-content\/uploads\/2024\/03\/Vernissage-2024-F-.pdf\">Vernissage-2024-F-<\/a><a href=\"https:\/\/erzgebirge.ch\/wordpress\/wp-content\/uploads\/2024\/03\/Vernissage-2024-F-.pdf\" class=\"wp-block-file__button wp-element-button\" download aria-describedby=\"wp-block-file--media-a25b8345-26a0-414f-a1a2-e96ccf9a4da2\">Herunterladen<\/a><\/div>\n\n\n\n<p class=\"has-x-large-font-size\">Herbst 2023<\/p>\n\n\n\n<div data-wp-interactive=\"core\/file\" class=\"wp-block-file\"><object data-wp-bind--hidden=\"!state.hasPdfPreview\" hidden class=\"wp-block-file__embed\" data=\"https:\/\/erzgebirge.ch\/wordpress\/wp-content\/uploads\/2023\/11\/Vernissage-2023-h-1-2.pdf\" type=\"application\/pdf\" style=\"width:100%;height:600px\" aria-label=\"Einbettung von Vernissage-2023-h-1-2.\"><\/object><a id=\"wp-block-file--media-d94368ee-588e-48c9-b824-7a538e7fc7c7\" href=\"https:\/\/erzgebirge.ch\/wordpress\/wp-content\/uploads\/2023\/11\/Vernissage-2023-h-1-2.pdf\">Vernissage-2023-h-1-2<\/a><a href=\"https:\/\/erzgebirge.ch\/wordpress\/wp-content\/uploads\/2023\/11\/Vernissage-2023-h-1-2.pdf\" class=\"wp-block-file__button wp-element-button\" download aria-describedby=\"wp-block-file--media-d94368ee-588e-48c9-b824-7a538e7fc7c7\">Herunterladen<\/a><\/div>\n\n\n\n<pre class=\"wp-block-preformatted\"><\/pre>\n\n\n\n<pre class=\"wp-block-preformatted has-x-large-font-size\"><strong>Fr\u00fchling 2023<\/strong><\/pre>\n\n\n\n<figure class=\"wp-block-image size-large\"><img loading=\"lazy\" decoding=\"async\" width=\"709\" height=\"1024\" src=\"https:\/\/erzgebirge.ch\/wordpress\/wp-content\/uploads\/2023\/03\/Folie1-709x1024.jpg\" alt=\"\" class=\"wp-image-11720\" srcset=\"https:\/\/erzgebirge.ch\/wordpress\/wp-content\/uploads\/2023\/03\/Folie1-709x1024.jpg 709w, https:\/\/erzgebirge.ch\/wordpress\/wp-content\/uploads\/2023\/03\/Folie1-415x600.jpg 415w, https:\/\/erzgebirge.ch\/wordpress\/wp-content\/uploads\/2023\/03\/Folie1-208x300.jpg 208w, https:\/\/erzgebirge.ch\/wordpress\/wp-content\/uploads\/2023\/03\/Folie1.jpg 720w\" sizes=\"auto, (max-width: 709px) 100vw, 709px\" \/><\/figure>\n\n\n\n<figure class=\"wp-block-image size-large\"><img loading=\"lazy\" decoding=\"async\" width=\"709\" height=\"1024\" src=\"https:\/\/erzgebirge.ch\/wordpress\/wp-content\/uploads\/2023\/03\/Folie2-709x1024.jpg\" alt=\"\" class=\"wp-image-11722\" srcset=\"https:\/\/erzgebirge.ch\/wordpress\/wp-content\/uploads\/2023\/03\/Folie2-709x1024.jpg 709w, https:\/\/erzgebirge.ch\/wordpress\/wp-content\/uploads\/2023\/03\/Folie2-415x600.jpg 415w, https:\/\/erzgebirge.ch\/wordpress\/wp-content\/uploads\/2023\/03\/Folie2-208x300.jpg 208w, https:\/\/erzgebirge.ch\/wordpress\/wp-content\/uploads\/2023\/03\/Folie2.jpg 720w\" sizes=\"auto, (max-width: 709px) 100vw, 709px\" \/><\/figure>\n\n\n\n<h2 class=\"wp-block-heading\">Herbst 2022<\/h2>\n\n\n\n<div data-wp-interactive=\"core\/file\" class=\"wp-block-file\"><object data-wp-bind--hidden=\"!state.hasPdfPreview\" hidden class=\"wp-block-file__embed\" data=\"https:\/\/erzgebirge.ch\/wordpress\/wp-content\/uploads\/2022\/09\/Vernissage-2022-h-def.pdf\" type=\"application\/pdf\" style=\"width:100%;height:2000px\" aria-label=\"PDF-Einbettung\"><\/object><\/div>\n\n\n\n<h2 class=\"wp-block-heading\">Fr\u00fchjahr  2022<\/h2>\n\n\n\n<div data-wp-interactive=\"core\/file\" class=\"wp-block-file\"><object data-wp-bind--hidden=\"!state.hasPdfPreview\" hidden class=\"wp-block-file__embed\" data=\"https:\/\/erzgebirge.ch\/wordpress\/wp-content\/uploads\/2022\/09\/Vernissage-2022-F.pdf\" type=\"application\/pdf\" style=\"width:100%;height:1910px\" aria-label=\"PDF-Einbettung\"><\/object><\/div>\n\n\n\n<h2 class=\"wp-block-heading\">Herbst 2021<\/h2>\n\n\n\n<div data-wp-interactive=\"core\/file\" class=\"wp-block-file\"><object data-wp-bind--hidden=\"!state.hasPdfPreview\" hidden class=\"wp-block-file__embed\" data=\"https:\/\/erzgebirge.ch\/wordpress\/wp-content\/uploads\/2022\/09\/vernissage-2021-H-def.pdf\" type=\"application\/pdf\" style=\"width:100%;height:2000px\" aria-label=\"PDF-Einbettung\"><\/object><\/div>\n\n\n\n\n\n<h2 class=\"wp-block-heading\"><\/h2>\n\n\n\n<h2 class=\"wp-block-heading\"><\/h2>\n\n\n","protected":false},"excerpt":{"rendered":"<p>Fr\u00fchjahr 2026 Herbst 2025 Fr\u00fchjahr 2025 Herbst 2024 Fr\u00fchjahr 2024 Herbst 2023 Fr\u00fchling 2023 Herbst 2022 Fr\u00fchjahr 2022 Herbst 2021<\/p>\n","protected":false},"author":2,"featured_media":11720,"parent":0,"menu_order":0,"comment_status":"closed","ping_status":"closed","template":"","meta":{"footnotes":""},"class_list":["post-11068","page","type-page","status-publish","has-post-thumbnail","hentry"],"_links":{"self":[{"href":"https:\/\/erzgebirge.ch\/wordpress\/index.php?rest_route=\/wp\/v2\/pages\/11068","targetHints":{"allow":["GET"]}}],"collection":[{"href":"https:\/\/erzgebirge.ch\/wordpress\/index.php?rest_route=\/wp\/v2\/pages"}],"about":[{"href":"https:\/\/erzgebirge.ch\/wordpress\/index.php?rest_route=\/wp\/v2\/types\/page"}],"author":[{"embeddable":true,"href":"https:\/\/erzgebirge.ch\/wordpress\/index.php?rest_route=\/wp\/v2\/users\/2"}],"replies":[{"embeddable":true,"href":"https:\/\/erzgebirge.ch\/wordpress\/index.php?rest_route=%2Fwp%2Fv2%2Fcomments&post=11068"}],"version-history":[{"count":10,"href":"https:\/\/erzgebirge.ch\/wordpress\/index.php?rest_route=\/wp\/v2\/pages\/11068\/revisions"}],"predecessor-version":[{"id":18738,"href":"https:\/\/erzgebirge.ch\/wordpress\/index.php?rest_route=\/wp\/v2\/pages\/11068\/revisions\/18738"}],"wp:featuredmedia":[{"embeddable":true,"href":"https:\/\/erzgebirge.ch\/wordpress\/index.php?rest_route=\/wp\/v2\/media\/11720"}],"wp:attachment":[{"href":"https:\/\/erzgebirge.ch\/wordpress\/index.php?rest_route=%2Fwp%2Fv2%2Fmedia&parent=11068"}],"curies":[{"name":"wp","href":"https:\/\/api.w.org\/{rel}","templated":true}]}}